ate the greatest common factor of 15 and c.
3
Let f = 137 + -98. What is the greatest common divisor of f and 26?
13
Let p = -125 - -244. What is the greatest common factor of 17 and p?
17
Suppose -3*h - 3*f = h - 129, -3*h = 5*f - 105. What is the highest common factor of h and 3?
3
Suppose 0 = -3*x + 7 - 1. Suppose -4*m + 2*p = 6 - 272, 0 = -x*m + 3*p + 143. Let z be (m/(-20))/(1/(-10)). Calculate the greatest common divisor of z and 4.
4
Suppose 30 = 5*l - 0. Suppose l*h = 4*h + 26. What is the highest common divisor of h and 117?
13
Let i = 95 - 55. Calculate the greatest common divisor of 16 and i.
8
Suppose 0 = 4*a - 3*r - 215, 3*a - 4*a + r = -55. Calculate the highest common divisor of a and 20.
10
Let b(a) = a**2 - 7*a - 2. Let c be b(-7). Suppose -2*r = -5*l + 56, l - 5*r - 2 = -0*l. Calculate the highest common factor of c and l.
12
Let t = 4 + 12. Let o(b) = -b**2 - b + 16. Let f be o(0). Calculate the highest common factor of t and f.
16
Suppose -10 = -3*v - 4*y + 35, 3*v = 3*y + 45. Let n be ((-6)/(-7))/((-1)/(-7)*1). Calculate the greatest common divisor of v and n.
3
Let l be 4/(-16) + 42/8. Suppose -l*u = -1497 + 217. Let z = -144 + u. Calculate the highest common divisor of 14 and z.
14
Let o be (2 + -1)*-1*0. Suppose -d + 3 + o = 0. Suppose v + 7 = -d*l, 5*v = -4*l - l + 15. What is the greatest common factor of v and 16?
8
Suppose x = -n - 3*x - 17, -3*x = 3*n + 6. Suppose -21 = -n*w - 3. Let y = -24 + 54. Calculate the greatest common divisor of y and w.
6
Let s(r) = 2*r**2 - 3. Let q be s(-5). What is the greatest common divisor of 282 and q?
47
Suppose -5*i + 4*z + 125 = -40, -4*i + 132 = -3*z. What is the greatest common factor of i and 297?
33
Let h(u) = -31*u**2 - 9*u + 23. Let s(p) = 15*p**2 + 4*p - 11. Let r(a) = 6*h(a) + 13*s(a). Let t be r(3). What is the highest common factor of 28 and t?
14
Let l = 7 - 5. Let g be 0 - (-21)/6*l. Calculate the greatest common divisor of g and 77.
7
Let b be (9/(-2))/(1/2). Suppose 5*x = 4*j - 116, 0 = -j - 5*x + 2*x + 12. Let y = j + b. What is the greatest common factor of y and 3?
3
Let j(s) = 45*s + 2. Let g be j(2). Let a = g + -28. Let i = -12 - -20. Calculate the greatest common factor of i and a.
8
Let z(s) = s**3 - 18*s**2 - s + 26. Let i be z(18). What is the highest common factor of 6 and i?
2
Let f be 2/6*(-8 + 20). Suppose 2*m = 2 - 12, 0 = -5*w - 4*m - 20. Suppose 0 = 4*l - w*l - 16. Calculate the highest common divisor of l and f.
4
Suppose -2*m + 5*m + 25 = -4*c, -4*c + 80 = -4*m. Let y = -11 - m. Suppose 80 = 4*b - y*g, -3*b + g = -11 - 51. What is the highest common factor of b and 42?
21
Suppose 0 = s + 3*n + 12, 0*s - 5*n - 22 = s. Let z be 23/s - (-8)/(-12). Calculate the greatest common factor of 7 and z.
7
Let a(b) = 3*b**2 + 3*b - 5. Let j be a(4). Calculate the greatest common factor of 11 and j.
11
Suppose 3*d - 17 - 16 = -2*l, 5*l = 15. What is the greatest common factor of d and 6?
3
Let s = -29 + 69. Let x(u) = 3*u - 5. Let k be x(5). Calculate the greatest common factor of k and s.
10
Suppose -3*g = -2*d - 57, 49 = 4*g - 2*g - 5*d. Let l(a) = -16*a**3 - 3*a**2 - 2*a - 1. Let i be l(-2). Calculate the greatest common factor of i and g.
17
Let b be (-2)/(-9) + 1069/9. Suppose -235 = -6*r + r. Let d = r - 30. Calculate the greatest common factor of d and b.
17
Let a be -2*((-135)/(-6))/(-5). What is the greatest common divisor of 63 and a?
9
Suppose 0*l - 2*l - 5*x = -35, -3*l - x = -46. What is the greatest common factor of 5 and l?
5
Let w = -87 - -129. Suppose 3*a + 2*r - 19 = 0, -4*r + 6*r - 4 = 0. Suppose -a*y + 56 = -y. Calculate the highest common divisor of w and y.
14
Let u(i) = i**3 + i**2 - 4*i + 4. Let b be u(3). Suppose 2*o - 3*x - b = 0, -4*o = -x - 0*x - 76. What is the greatest common factor of o and 8?
4
Suppose 6 = 2*k + k, 5*q - 342 = 4*k. Calculate the highest common factor of q and 7.
7
Suppose 0 = -4*q - 6*q + 90. Calculate the greatest common divisor of 6 and q.
3
Let b = 52 + 102. Let a be 1*13 - (-1 - 0). What is the highest common divisor of b and a?
14
Let n be (-27 - 0)/(-3)*1. Calculate the highest common divisor of n and 9.
9
Suppose 0 = -0*m + m - 96. What is the highest common factor of m and 12?
12
Suppose -s = 0, -2*w + 4*s - 4 = -4*w. Suppose 0 = -w*t - 1 + 9. Calculate the greatest common factor of 28 and t.
4
Let g be 6/(-4)*(3 - 5). Let i be g/(18/70)*3. Suppose -b = -9 + 4. What is the greatest common divisor of b and i?
5
Suppose 3*o - 2*v + 21 = v, -o = 2*v + 16. Let c(m) = -5*m - 1. Let j be c(o). What is the greatest common factor of j and 7?
7
Let n(y) = -y**2 - 14*y + 4. Let h be n(-8). Suppose -8*x + h = -4*x. What is the greatest common divisor of x and 39?
13
Suppose 32 + 28 = 6*o. What is the greatest common factor of 90 and o?
10
Let g = -14 + 16. Suppose t + 0*k + g*k - 30 = 0, -5*k + 87 = 3*t. Calculate the greatest common factor of 24 and t.
24
Let o(v) = 30 - v - 31 + v**2 + 0*v**2. Let d be o(5). Calculate the highest common factor of 171 and d.
19
Let f = 110 + -59. Let p(u) = u**3 - 6*u**2 - 3*u + 6. Let j be p(7). What is the greatest common factor of j and f?
17
Let i(o) = o**2 - o - 9. Let l be i(-3). Calculate the highest common divisor of 9 and l.
3
Let v(f) = -1. Let d(t) = -t - 13. Let c(r) = -d(r) + 5*v(r). Let g be c(0). What is the highest common divisor of g and 40?
8
Let z = -28 - -118. Calculate the greatest common factor of z and 10.
10
Suppose -j = -102 + 11. What is the greatest common factor of 39 and j?
13
Suppose 0 = -22*s + 18*s + 16. Calculate the highest common factor of 2 and s.
2
Let t be 8/1 + 2 + -5. What is the highest common divisor of t and 35?
5
Suppose -3*r + 2*t + 140 = 0, 5*t - 135 = -2*r - 29. What is the greatest common factor of 6 and r?
6
Let w(j) = j**3 - 4*j**2 - 5*j - 4. Let g be (-3 - 39/(-6))*2. Let a be w(g). What is the highest common divisor of 12 and a?
12
Suppose 0 = -5*l - 11 - 14, 5*l - 105 = -5*q. Let v(b) = -110*b - 12. Let r be v(-2). What is the highest common divisor of q and r?
26
Suppose -4*g + 0*g = -16. Let o be 3/(-12) + 161/g. Let p(h) = 11*h - 1. Let f be p(1). What is the greatest common factor of o and f?
10
Let c be 4/((-8)/6) - -103. Suppose c = -t + 6*t. What is the greatest common divisor of t and 10?
10
Let q be 0/(-2) + (88 - 10). Let o = -42 + q. Calculate the greatest common factor of o and 18.
18
Suppose d = -3*g - 4, -3*g = -4*d + 6*d + 8. Suppose -3*o + 4*j + 33 = 5, g = 3*o + 3*j - 21. What is the highest common divisor of o and 56?
8
Let c = 0 - -9. Let q = -2 + c. What is the highest common divisor of q and 1?
1
Suppose 34 = 2*x - 5*j, 2*x + 4*j - 15 - 1 = 0. Let h be (114/x)/(1/22). What is the greatest common factor of h and 19?
19
Let t(o) be the third derivative of 1/24*o**4 + 3*o**2 + 1/3*o**3 + 0*o + 0. Let k be t(3). Calculate the greatest common factor of k and 10.
5
Suppose -5*s + 0 + 5 = -5*y, 0 = -4*y - s + 1. Suppose y = v - 8 - 4. Calculate the greatest common divisor of v and 24.
12
Suppose -3 = -i + 2. Suppose -i*g = -4*g - 99. What is the greatest common divisor of g and 9?
9
Let j(l) = -2*l**3 - 3*l**2 + 1. Let a be j(-3). What is the highest common divisor of 308 and a?
28
Suppose -4*n = 4, 3*n - 37 = 4*v - 6*v. Calculate the greatest common divisor of 100 and v.
20
Let h = 103 + -83. Calculate the highest common factor of 220 and h.
20
Let m be ((-8)/(-6))/((-6)/(-27)). Suppose -11*k + m*k + 345 = 0. Calculate the highest common divisor of k and 23.
23
Let w(q) = -q**2 - 7*q + 1. Let y be w(-6). Suppose -y*s = -9*s + 12. What is the greatest common divisor of s and 48?
6
Suppose -2*z + 66 = -14. What is the greatest common divisor of z and 60?
20
Let o(w) = 5*w + 58. Let m be o(-9). Calculate the greatest common divisor of 104 and m.
13
Let h = -1 + 5. Suppose -5*d - 3*z = -10, 3*d = d + h*z + 30. Suppose -3*s + d*t = 4, 0 = -3*s - t + 3 + 5. What is the highest common divisor of 8 and s?
2
Suppose 5*h + 21 = 111. What is the highest common divisor of 45 and h?
9
Suppose 0 = 4*k - 12. Let b be ((2 + -2)/k)/1. Suppose b = -y - y + 60. Calculate the highest common factor of 6 and y.
6
Let i(j) = 3*j**2 - 3*j - 2. Let g be i(-1). Calculate the greatest common factor of 26 and g.
2
Suppose -3*d + 2*a - 